- 4*h - 3517, 0 = a + 2*h - 701. Is a a prime number?
False
Suppose -5*d + 56 = 11. Is 6*6/d + 589 composite?
False
Suppose 2*k - 4*n - 457 = 309, 3*k - 1138 = -5*n. Suppose q + 2*q - k = 0. Is q a composite number?
False
Let d = 685 + 618. Let u = -570 + d. Is u a prime number?
True
Suppose 14*h = 11*h + 10221. Is h composite?
False
Suppose 0 = -b - k + 4*k + 42, 5*b = -2*k + 278. Suppose -t + b = 2*v - 131, t + v - 183 = 0. Is t composite?
False
Let w be ((-8)/24)/((-2)/6). Let f(p) = -25*p - 2. Let b(d) = -d - 1. Let j(z) = w*f(z) - 5*b(z). Is j(-7) prime?
False
Suppose -4*l = 5*p - 185175, -5*p - 3*l + 6*l = -185140. Is p a prime number?
False
Let x(a) = -a**2 + 2*a - 1. Let d be x(1). Let q = -195 - -460. Suppose d*p = -5*p + q. Is p prime?
True
Suppose s - 5*s = -40. Let m(o) = 10*o**2 + 13*o - 18 - 6 + 5 - o**3. Is m(s) prime?
False
Let w(l) = 1648*l + 149. Is w(6) a prime number?
True
Suppose 0 = 2*y + h - 31633, 3*y = 24*h - 22*h + 47453. Is y composite?
False
Suppose -4*m - 12 = 0, 38*k - 63653 = 34*k + 3*m. Is k a prime number?
False
Suppose 12*l = 11*l - m + 2264, 3*m = -9. Is l a prime number?
True
Let a(m) = 2*m**2 + 3*m + 2. Let f be a(-2). Suppose 12 = -f*h, 5*x = -3*h - 0*h + 3146. Is x composite?
False
Let j(r) = -5*r**3 + 8*r**2 - 9*r + 14. Let d be j(5). Let x = d + 829. Is x a prime number?
True
Is ((-999791)/26)/((-2)/4) a composite number?
False
Let q(g) = 24*g - 41. Is q(5) prime?
True
Let r(y) = -y**3 + 20*y**2 - y - 79. Is r(-27) composite?
False
Let f = -8474 + -811. Let l = f - -16090. Is l a composite number?
True
Let y(f) = f + 14. Let p be y(-11). Suppose -a - p = -3*q + 2*a, -4*a + 11 = q. Suppose q*o = 14 + 4. Is o a prime number?
False
Suppose 3*t - 1457802 = -q - 320366, 0 = 4*t - 5*q - 1516613. Is t a composite number?
False
Let i(x) be the second derivative of -1657*x**5/20 + x**4/12 + x**3/3 + x**2/2 - 27*x. Is i(-1) a composite number?
False
Let k(w) = -3*w**3 + w**2 - 2*w - 1. Let f = 5 + -7. Is k(f) composite?
False
Let r = 1027 - 774. Is r a prime number?
False
Suppose 7*l + 16 - 44 = 0. Let v be 3397/7 + 4/(-14). Suppose 9*p - v = l*p. Is p composite?
False
Let j(h) = 15*h - 22. Let w be j(-15). Let y = w - -628. Is y prime?
False
Let p(g) = 188*g + 2. Let b be p(1). Let u = 1 + 3. Suppose -u*a + 158 = -b. Is a prime?
False
Let t = 2 + -11. Let m(j) = j**3 + 10*j**2 + 9*j + 2. Let v be m(t). Suppose 0 = o + 4*o - 10, -v = -p + 4*o. Is p composite?
True
Suppose -4*m = n + 11, 3*n + 2 = -4*m + 1. Suppose n*o = 1 + 4. Is -2 - (-1 - 106 - o) a composite number?
True
Let h(t) = t**2 + 12*t + 26. Let p be h(-9). Is 53*p/1*-17 a prime number?
False
Suppose -15*o + 6*o + 10053 = 0. Is o a prime number?
True
Is 6 + 8/(32/66452) prime?
True
Let g(y) = -22*y**3 - 5*y**2 - 6*y - 5. Let t(v) = 109*v**3 + 26*v**2 + 29*v + 25. Let z(s) = 11*g(s) + 2*t(s). Is z(-2) prime?
True
Suppose -5 = -2*o - 25. Let b = o + 5. Let q(y) = -y**3 + 4*y**2 - 6*y - 4. Is q(b) composite?
False
Let t = 1130 - 620. Suppose 2*b - 76 = t. Is b composite?
False
Suppose 573027 = 57*g - 691062. Is g prime?
False
Let k(b) = -11*b - 2*b**3 - 2*b**2 + 0*b**2 + 13*b. Let q be k(-2). Is (15/q + -3)*52 prime?
False
Let n(j) = 8*j**2 - 11*j + 66. Is n(20) composite?
True
Suppose -y = j - 3, -y + 15 = -0*y - 5*j. Suppose 0 = -3*d + 17 - y. Suppose u - 99 = -5*p, 6*p = p + d*u + 79. Is p composite?
False
Is 4/54*-3 + (-227319)/(-27) a composite number?
False
Suppose -4*c - 1 = -9. Suppose -4*t + c*b - 22 = -6250, -2*b + 4657 = 3*t. Is t prime?
False
Suppose 0 = 12*r + 2*r - 241486. Is r a prime number?
False
Suppose -2*c = 2*x - 3*x - 678, -3405 = 5*x + 5*c. Let f = 1059 + x. Is f composite?
False
Let x(r) = 13*r**2 - 6*r + 13 + 0*r**2 - 6. Suppose 28 = 11*p - 4*p. Is x(p) a prime number?
True
Is 1080990/(-30)*(-3)/9 prime?
True
Let d(i) = 146*i**2 + i + 2. Let w be d(4). Suppose -446 = 2*j + 2868. Let x = j + w. Is x a prime number?
False
Is (-2 - (-112 + 3)) + -3 + 5 a prime number?
True
Let n(h) = -h**3 + 17*h**2 - 9*h - 4. Suppose 5*s - 2*w + 0*w - 45 = 0, 3*s - 3*w - 27 = 0. Is n(s) composite?
False
Let s(f) = -112*f - 19. Let o be s(13). Let i = o - -2709. Is i composite?
True
Let f(z) = 368*z**2 + 25*z + 10. Is f(7) composite?
False
Let c(i) = -11*i**2 + 2*i + 7. Let u be c(8). Let y = 979 + u. Is y a composite number?
True
Let t(h) = 7*h**3 - 2*h**2 - 16*h - 14. Is t(9) composite?
False
Suppose -4*k + 3170 = k. Let m = 54 + -50. Suppose -2*q + k = -5*z + 75, -m*z = 2*q - 514. Is q a composite number?
True
Suppose -14*p + 21859 = -19287. Is p prime?
True
Let i be (7/4)/(18/82872). Is (i/(-28))/((-1)/4) a prime number?
True
Is -5*(-14)/(-175) + (-3157)/(-5) a composite number?
False
Let z(w) = 14*w**3 + 4*w**2 - 8*w + 13. Is z(5) a composite number?
False
Suppose -2 = 5*s - 4*s. Let p be -11 + 657 - 4/s. Suppose 1635 = 3*z + p. Is z prime?
False
Suppose 4 - 7 = -s. Suppose -s*v = 465 + 435. Let j = -209 - v. Is j composite?
True
Let r = 26 - 38. Let j = -11 - r. Let t(s) = 11*s**3 - s**2. Is t(j) prime?
False
Let o = -19 - -25. Suppose 0 = 5*b + 36 - 11. Let f = o - b. Is f prime?
True
Let i(j) = -4*j**2 - 3*j + 2. Let s be i(3). Let v be (-4)/28 + s/(-7). Let z = 39 - v. Is z prime?
False
Let z be (20/12)/((-2)/(-6)). Suppose -z*t + 3*t = -6. Is 1*435/t - 0 a composite number?
True
Let z = 25936 + -15157. Suppose -16*r + 13*r + z = 0. Is r composite?
False
Let c = 121 - 195. Let o = c + 237. Is o a composite number?
False
Suppose 0 = 10*l - 24431 + 7991. Suppose -3*j + 74 + 8635 = 0. Let f = j - l. Is f a prime number?
True
Let b(o) = -3*o**2 + 9*o + 4. Let i(j) = -2*j**2 + 5*j + 2. Suppose 2*f - 4*z = 3 + 7, 3*f + 25 = -2*z. Let d(s) = f*i(s) + 3*b(s). Is d(5) a prime number?
True
Let k = 138 - -83. Is k a prime number?
False
Suppose -q - 3*x + 1090 = -1563, -x + 7975 = 3*q. Is q prime?
True
Suppose 663 = 2*c + c. Let l = c - 146. Is 111/(-1)*l/(-45) a composite number?
True
Is 1 - -2509 - (70 + -63) composite?
False
Let u(h) = 4776*h - 221. Is u(4) prime?
False
Let n(u) be the third derivative of u**5/60 - u**4/12 - 13*u**3/6 - 4*u**2. Is n(-14) a composite number?
False
Suppose 4*z + 4*a = 25 - 9, a - 9 = -2*z. Suppose p - 1568 = -b, b + 7805 = z*p - b. Is p a composite number?
True
Suppose -18*f - 21299 + 122585 = 0. Is f a composite number?
True
Let l = -94 - -97. Suppose 0 = -n - 2*b + 620, -5*n + l*b = -3120 + 59. Is n a prime number?
False
Suppose 0 = 2*r - 5*r - 2*g + 11, 0 = 5*g - 5. Suppose -r*y = -6*y + 933. Is y a prime number?
True
Let w = -172397 - -264390. Is w a composite number?
True
Suppose -9*h + 17968 = 7*h. Is h a composite number?
False
Suppose -17 = 3*q - 2*q. Let d = 21 + q. Suppose -20 = d*p, 4*c - 2353 = -0*c + p. Is c a composite number?
False
Is (-5)/(-40) - 225738/(-48) prime?
True
Let q = 2698 - -27532. Let v be q/15 + 3/(-9). Suppose -v = -w - 4*w. Is w a prime number?
False
Is (-2 - 56/(-32))/(4/(-3212944)) prime?
False
Let m(l) = -263*l - 5. Let f be m(6). Let x(a) = -2*a**3 - 12*a**2 + 5*a + 3. Let o be x(-13). Let d = f + o. Is d composite?
True
Suppose 6*m = m + 5*g - 20, g = -m. Is 1167 + -6 + -2 + m a composite number?
True
Let o = 44 - -81. Suppose 0 = -2*h - o + 2511. Is h a composite number?
False
Let u be 4/(-6) - 52/(-6). Let v(t) be the third derivative of -t**6/120 + t**5/6 - 5*t**4/12 + t**3/6 - 43*t**2. Is v(u) prime?
False
Suppose 0 = -42*f + 39*f + 29613. Is f prime?
True
Is (-4 + 18)/((-2)/(-13)) a prime number?
False
Suppose -7 = -2*z + 3. Let v = -66 - -70. Suppose -v*j - 1093 = -z*l, 4*j - 678 = -3*l - j. Is l prime?
False
Suppose -19721 = -5*w + 49524. Is w composite?
True
Suppose 3*q + p - 38855 = 0, q - 1058 = -5*p + 11875. Is q composite?
False
Let j(s) = 39*s**3 - s - 1. Let x be j(3). Is x/1 + 5/15*0 a prime number?
True
Let x(s) = 5*s**2 - 2*s + 19. Let d be x(-8). Suppose -1391 = -4*j - d. Is j prime?
False
Suppose 0 = -60*w + 66813 - 22593. Is w prime?
False
Suppose -2*k - m = 17, 2*k - 5*m - 7 = 6. Let a(t) = -1 + 0 - 3 + 5 - 42*t. Is a(k) a composite number?
True
Suppose 19 = 5*w + 4. Suppose 2*j - 451 = -2*l - w*l, 0 = 2*j + 3*l - 457. Is j a prime number?
True
Suppose 10591965 = 74*b + 7*b. Is b composite?
True
Let z(v) = -v**3 - 12*v**2 - 3*v - 8. Let u be z(-12). Let g =